
5
What is -1 + 0 - (-6 + 2) - 5?
-2
What is 0 + -1 + (-2 - -8 - 9)?
-4
What is 3 + (1 - 1) + -1 + 2?
4
What is the value of -2 - (-4 - 2) - 8?
-4
3 + 2 + -4 + -3
-2
Calculate -2 + (4 - 4 - -4).
2
(-1 - -5) + -6 + -1
-3
What is the value of -5 - 1 - -10 - 5?
-1
Calculate 17 + -10 - -8 - 7.
8
-13 + 17 - (13 - 3)
-6
5 - (12 - 4) - -11
8
Calculate -8 - (-2 + (1 - 6)).
-1
What is (0 - 0) + 2 - (-165 - -168)?
-1
Calculate 2 - -1 - ((-5 - -8) + 0).
0
What is the value of 10 - (2 + 9 - 9)?
8
Evaluate 2 - (3 + -1) - -2.
2
Evaluate 5 + -3 + -1 + (-9 - -11).
3
What is -3 + 1 + 3 + -9 + 4?
-4
Evaluate -1 + 1 - (2 + -5).
3
Calculate -4 - (-8 - -4 - 4).
4
Calculate -47 - -37 - (1 - 14).
3
Evaluate (1 - 6 - -8) + 1.
4
What is -4 + -2 - (12 - 11)?
-7
Evaluate 3 - 7 - (-1 - 2).
-1
(0 - 2) + -2 - -2
-2
Calculate -2 - -4 - (-3 + 1).
4
What is -3 + (-2 + 3 - 3)?
-5
What is the value of -12 + 4 + 1 + 1?
-6
Evaluate (-1 - 3 - 1) + (192 - 185).
2
-4 + (0 - 5) + 13
4
1 - (2 - (7 + -4))
2
Evaluate 4 + -2 + 0 + (-10 - -3).
-5
Calculate -7 + -3 + 5 + 5.
0
What is 4 - (-5 + 7 - (2 + 2))?
6
0 - 10 - -23 - 11
2
Calculate 2 + 1 - (-8 + (16 - 9)).
4
What is the value of 1 + 3 + -13 + (6 - -1)?
-2
What is (-1 - 2) + 10 + -4 + -4?
-1
Evaluate (-15 + -1 - (14 + -12)) + 7.
-11
Calculate -1 - (-4 + 2) - (6 - 5).
0
Evaluate (-2 - -6 - 2) + -1.
1
Evaluate 0 + (1 - (4 - 4)) + 0.
1
-7 - (10 - 16) - (1 - -2)
-4
What is -12 - -6 - (-6 - -1)?
-1
Evaluate (-137 - -146) + -8 + 0.
1
Evaluate -11 + 6 - (2 + -1 - 2).
-4
What is (-2 - (-4 - -1)) + -106 + 100?
-5
Calculate (2 + -1 - -1) + (-5 - -6).
3
What is the value of (-2 - (0 + 1) - -8) + -5?
0
What is (5 + -14 - -21) + -2?
10
Calculate -1 + 0 + -3 + -1.
-5
Evaluate 7 + 0 + 67 + -68.
6
What is the value of -3 - (-3 + 1 - 0)?
-1
7 + 3 + 0 - 7
3
-2 + (5 - -2 - (5 + -4))
4
Evaluate -2 + 5 + (0 - 1) + 3.
5
Calculate 0 + 3 + (10 + -7 - 2).
4
What is the value of 16 - (-2 + 18 + -5)?
5
What is the value of -4 + (-2 - (-3 + -1))?
-2
Evaluate 10 + -7 + (3 - 0).
6
What is the value of 2 - (1 + -2) - (6 + -5)?
2
Evaluate (-8 - -21 - 9) + 2 + -3.
3
What is 4 - ((1 + -3 - -1) + 2)?
3
Evaluate (-8 - -12) + 3 + -9 + 1.
-1
What is the value of (1 - 6) + 15 + -8?
2
What is 0 - 0 - (3 - 4)?
1
What is 7 - (-1 - (-1 - 4))?
3
Calculate 1 + 0 - (-4 - -1).
4
Evaluate 3 - (9 - 5) - (0 - -3).
-4
Evaluate -3 - (-1 + -8 + -2 + 3).
5
-2 - (-4 - -1 - 2 - 1)
4
What is the value of 3 + 1 + -2 + -4 + -3?
-5
What is (-3 - (-5 + -8)) + -7?
3
6 - (-4 + (4 - -3)) - 1
2
(7 - 0) + -8 + 2 + 4
5
What is -2 - (-4 + -4 + 7 + -3)?
2
2 + -1 + -1 + 2 + 0
2
Evaluate -2 + 2 + 3 + 2.
5
(-3 - 8) + (-7 - -10)
-8
Calculate 11 - 5 - 9 - 5.
-8
3 + -3 - -1 - (-2 + 3)
0
What is the value of 17 + -17 + 5 + -7?
-2
Evaluate (5 - -5) + -9 - -7.
8
-3 + 3 - (-3 - (5 - 4))
4
Evaluate -1 + (2 + -5 - -9) - 0.
5
Calculate 32 + -38 - (1 - (12 - 0)).
5
What is the value of -6 + (0 - -2) - -5?
1
Calculate -1 - (3 + -3 + 3 + -7).
3
-3 - (4 - 11) - 9
-5
Evaluate -4 - (-5 + -4 + 7 - -1).
-3
Evaluate -3 + (0 - -5) - 0.
2
What is 14 - 14 - (1 + (-1 - 3))?
3
What is 1 - (6 + (4 - 13) - 1)?
5
Evaluate -3 - (-15 - -4) - 5.
3
Calculate 1 + (5 - 2) + 0.
4
What is the value of (-6 + 0 + 3 - -4) + 6?
7
-8 - (0 + (2 - 12))
2
Evaluate 5 - (-6 + 12 + 1).
-2
5 + (4 - (-5 + 2 + 8))
4
What is (-4 + 7 - 6) + 4 + -1?
0
What is -5 - (2 + (-6 - (2 - 2)))?
-1
-10 + 6 - (-1 + -3)
0
Calculate (3 - 6 - -4) + (0 - 4).
-3
Calculate 9 + -9 + 8 + -8.
0
-8 - (-7 - 7) - (-1 + -1)
8
Calculate -1 + (3 - -1 - (7 + -6)).
2
What is -3 + 1 + 0 + 2?
0
What is the value of -11 + 1 + (-5 - -14)?
-1
What is (1 + -5 - -1) + 56 + -52?
1
Calculate 18 + -24 + (4 - 2) + -1.
-5
What is (-3 - 2) + (42 - 39)?
-2
What is -1 - -11 - 4 - (-2 + 3)?
5
What is the value of 0 + (-4 - (-3 + 5)) + -1?
-7
What is the value of -5 + (7 - 4) + 3?
1
Evaluate 0 - 4 - (-3 + 1).
-2
Evaluate -5 + 1 + 4 - -4 - 4.
0
What is the value of 1 + (5 - ((3 - 3) + 2))?
4
What is -35 - -33 - (-2 + (2 - 4))?
2
6 - ((-1 - 5) + 13)
-1
Evaluate -2 - (-6 - (7 + -1 + -7)).
3
Calculate 1 + -2 - (-10 - -10) - -7.
6
What is -2 + 9 + -8 + 2?
1
Evaluate 0 + 4 + (-2 - 0).
2
Calculate -6 - (2 + (-10 - 5)).
7
Calculate 3 + (0 - 3) - -4.
4
Evaluate -3 - (-1 + 5 + -3 - 6).
2
Evaluate -3 + 1 - (2 + -7 - -4).
-1
Calculate 0 - (4 + 8) - -7.
-5
Calculate 2 + (-16 - -13) + -1 + -3.
-5
Calculate -1 + 0 + 0 + (0 - 0).
-1
What is the value of 7 - 1 - (45 - 33)?
-6
What is the value of 4 + (1 - 5) - 2?
-2
3 + (-14 + 0 - -7 - -8)
4
Evaluate 12 + -6 + 5 + (0 - 4).
7
Calculate -23 + -2 - -14 - (-1 - 6).
-4
-12 + 10 + (-8 - -4 - -7)
1
Calculate 3 + -4 - -1 - (-3 + -2).
5
16 + -20 + 9 + -1 + -4
0
Evaluate 35 + -28 - ((10 - -1) + -1).
-3
What is the value of (4 - -5) + -1 - 5?
3
Evaluate 4 - (-2 + 7 + -3).
2
What is the value of (13 - (14 - 11)) + 1?
11
What is the value of (7 - -1 - -1) + (9 - 15)?
3
Evaluate -2 + (-3 + -2 - (1 - 3)).
-5
Evaluate 3 + 0 + 5 + -8 + -6.
-6
What is the value of -7 + (-3 - -13) + -5?
-2
What is the value of 3 - (-2 + 0 - (-1 - 0))?
4
-7 + -1 + -1 + 0 + 6
-3
Evaluate (18 - 3) + -6 - 8.
1
Evaluate 6 - 12 - -3 - -8.
5
Evaluate -9 + 12 - (7 - (1 + -1)).
-4
What is the value of (-6 - -2) + 8 + -2?
2
Calculate 9 - (-11 - -12) - -1.
9
Calculate 3 - ((11 - 19) + 9).
2
Calculate (0 - 3 - 12) + 5.
-10
Evaluate 1 - (1 - (3 + -4)) - -4.
3
What is the value of -1 - (-2 + 0) - (21 - 20)?
0
Evaluate 3 + (7 - 4) + 0.
6
Calculate -6 - (3 + -10 + 0 + 5).
-4
What is the value of (-4 - (0 + -14)) + -4 + 4?
10
What is the value of (-2 - 5) + (25 - 16) + -8?
-6
-2 + (-1 - (1 - 2)) - 3
-5
Calculate 6 + 0 - (-1 + 4).
3
What is the value of 1 + -3 + (7 - 7)?
-2
Calculate -3 + (8 - 9) + -1.
-5
Evaluate -2 - (-2 + 1 + 1 + 0).
-2
What is the value of -1 - (3 - 2) - (-8 + 1)?
5
4 + 0 + -3 + -6
-5
What is (-1 - (1 - 0)) + (3 - 2)?
-1
What is the value of 6 - (-1 + (0 - -3))?
4
What is the value of (-3 - -9 - 5) + -2 + 0?
-1
Calculate -12 + 2 + 2 + 3 + 1.
-4
What is the value of (-5 - -11 - 1 - 6) + 2?
1
Evaluate 3 + -4 + 1 - (-1 - 1).
2
What is the value of 5 + -2 - (-3 - (-9 - 0))?
-3
2 - (0 + (1 - 0))
1
What is the value of -6 - ((-6 - (0 - -1)) + 2)?
-1
What is -12 + -7 + (8 - -5)?
-6
What is -7 + (9 + 5 - 4)?
3
(-1 - (-5 + (-1 - -4))) + 4
5
What is (1 - 5) + (203 - 190)?
9
Evaluate -7 + (1 - (-5 - -9)) - -5.
-5
(1 - (-4 + 3)) + 1 - 5
-2
Calculate -9 - -11 - (10 - 4).
-4
What is the value of 5 + (-10 - (-8 + 3))?
0
-1 + -4 - 7 - -5
-7
Evaluate (2 - 4) + 3 - -4.
5
What is the value of 2 - -2 - (1 - -7)?
-4
Evaluate 7 - (10 - (11 - 3)).
5
What is 4 + -3 - (-10 + 8)?
3
What is (0 - 0) + 2 - (1 - -6)?
-5
2 - ((2 - 1) + 0 - 3)
4
What is 6 - (3 + 1 + 0)?
2
What is the value of (4 - -1) + -5 + (-4 - -8)?
4
2 + (4 - (-2 + -1 + 4))
5
Calculate 39 - 41 - (-1 - -4).
-5
-2 + -2 + (-21 - -22)
-3
Evaluate 28 - 18 - (2 + 2).
6
What is the value of (3 + -2 - -2) + 1?
4
What is 1 + -1 + -1 - 2?
-3
What is (-6 - -3) + 4 + -5?
-4
Calculate -2 - (-2 - -4 - 2).
-2
What is the value of -7 - 0 - -2 - -9?
4
What is -5 - (-9 - (-5 + 3))?
2
What is -5 + 16 + (-11 - -2)?
2
What is -1 - (0 + -7) - (25 - 24)?
5
Evaluate 5 - ((-1 - (2 + -2)) + 4).
2
Calculate -5 - (-4 - (-7 - -6)).
-2
What is the value of -22 + 7 + 7 + 6 - -4?
2
-18 + 19 - (1 - 4)
4
Evaluate -8 + (-2 - -9) + (-13 - -12).
-2
Evaluate 1 - ((3 - 3) + 3 + 1).
-3
What is 35 + -38 + 1 + 0?
-2
What is (-9 - (1 + -3)) + 5?
-2
What is the value of 0 + -3 + -3 + 6?
0
What is the value of -1 + 1 + 7 - (6 - 3)?
4
-8 - (4 + -7 + 1 - 2)
-4
Evaluate (-3 + -8 - -11) + -2 + -1.
-3
Evaluate (-1 - -17) + -39 + 24.
1
Calculate (5 - (-1 - -3)) + -2 + -2.
-1
What is -6 + 1 - (16 + -25) - 2?
2
What is the value of -6 - -6 - (-5 + 11 - 4)?
-2
0 - -1 - (93 - 86)
-6
Evaluate (2 - -2 - 6) + 4 - -1.
3
What is the value of -1 + -1 - (10 + -4 + -7)?
-1
What is the value of (-2 - -1) + (-11 - -17)?
5
Evaluate 0 + 2 + -1 - (24 + -25).
2
Calculate 1 - (6 + -4 + -4) - 3.
0
Calculate -13 + 1 - (-14 - -7).
-5
Evaluate (15 - 6) + (4 - 11).
2
Evaluate (1 - -3) + (-2 - (-3 + 0)).
5
Evaluate (3 - (1 - -2 - -3)) + -7.
-10
What is -7 + ((1 - 4) + 5 - -1)?
-4
Evaluate (-5 - (-2 - 0)) + -6 + 9.
0
What is (3 - 0) + 8 + (9 - 20)?
0
What is (0 - -1) + (3 - 12) - -3?
-5
Calculate (-1 - (1 - -3)) + 1.
-4
2 - (-9 -